{"id":26,"date":"2021-07-08T08:17:14","date_gmt":"2021-07-08T11:17:14","guid":{"rendered":"http:\/\/advancembalagens.com.br\/?page_id=26"},"modified":"2022-10-17T07:57:51","modified_gmt":"2022-10-17T10:57:51","slug":"tecnologia-2","status":"publish","type":"page","link":"https:\/\/www.advancembalagens.com.br\/index.php\/tecnologia-2\/","title":{"rendered":""},"content":{"rendered":"\n<p><\/p>\n\n\n\n<p><strong><mark style=\"background-color:rgba(0, 0, 0, 0)\" class=\"has-inline-color has-accent-1-color\">TECNOLOGIA<\/mark><\/strong><\/p>\n\n\n\n<p>Acreditamos que devemos estar constantemente investindo em nosso parque industrial, para melhor servir e garantir&nbsp; a seguran\u00e7a de nossos produtos.<\/p>\n\n\n\n<p>Estamos preparados para produzir embalagens de papel\u00e3o ondulado em todas as suas especifica\u00e7\u00f5es, para empresas de todos os portes, dentro de padr\u00f5es de prazo e custos altamente coerentes.<\/p>\n\n\n<div id=\"metaslider-id-1012\" style=\"width: 100%;\" class=\"ml-slider-3-103-0 metaslider metaslider-flex metaslider-1012 ml-slider has-dots-nav ms-theme-nivo-light\" role=\"region\" aria-label=\"Tecnologia\" data-height=\"300\" data-width=\"700\">\n    <div id=\"metaslider_container_1012\">\n        <div id=\"metaslider_1012\">\n            <ul class='slides'>\n                <li style=\"display: block; width: 100%;\" class=\"slide-1013 ms-image \" aria-roledescription=\"slide\" data-date=\"2022-10-15 09:23:05\" data-slide-type=\"image\"><img fetchpriority=\"high\" decoding=\"async\" src=\"https:\/\/www.advancembalagens.com.br\/wp-content\/uploads\/2021\/08\/15-700x300.jpg\" height=\"300\" width=\"700\" alt=\"\" class=\"slider-1012 slide-1013 msDefaultImage\" title=\"15\" \/><\/li>\n                <li style=\"display: none; width: 100%;\" class=\"slide-1014 ms-image \" aria-roledescription=\"slide\" data-date=\"2022-10-15 09:23:06\" data-slide-type=\"image\"><img decoding=\"async\" src=\"https:\/\/www.advancembalagens.com.br\/wp-content\/uploads\/2021\/08\/14-700x300.jpg\" height=\"300\" width=\"700\" alt=\"\" class=\"slider-1012 slide-1014 msDefaultImage\" title=\"14\" \/><\/li>\n                <li style=\"display: none; width: 100%;\" class=\"slide-1015 ms-image \" aria-roledescription=\"slide\" data-date=\"2022-10-15 09:23:06\" data-slide-type=\"image\"><img decoding=\"async\" src=\"https:\/\/www.advancembalagens.com.br\/wp-content\/uploads\/2021\/08\/13-700x300.jpg\" height=\"300\" width=\"700\" alt=\"\" class=\"slider-1012 slide-1015 msDefaultImage\" title=\"13\" \/><\/li>\n                <li style=\"display: none; width: 100%;\" class=\"slide-1016 ms-image \" aria-roledescription=\"slide\" data-date=\"2022-10-15 09:23:06\" data-slide-type=\"image\"><img loading=\"lazy\" decoding=\"async\" src=\"https:\/\/www.advancembalagens.com.br\/wp-content\/uploads\/2021\/08\/12-700x300.jpg\" height=\"300\" width=\"700\" alt=\"\" class=\"slider-1012 slide-1016 msDefaultImage\" title=\"12\" \/><\/li>\n                <li style=\"display: none; width: 100%;\" class=\"slide-1017 ms-image \" aria-roledescription=\"slide\" data-date=\"2022-10-15 09:23:06\" data-slide-type=\"image\"><img loading=\"lazy\" decoding=\"async\" src=\"https:\/\/www.advancembalagens.com.br\/wp-content\/uploads\/2021\/08\/11-700x300.jpg\" height=\"300\" width=\"700\" alt=\"\" class=\"slider-1012 slide-1017 msDefaultImage\" title=\"11\" \/><\/li>\n                <li style=\"display: none; width: 100%;\" class=\"slide-1018 ms-image \" aria-roledescription=\"slide\" data-date=\"2022-10-15 09:23:07\" data-slide-type=\"image\"><img loading=\"lazy\" decoding=\"async\" src=\"https:\/\/www.advancembalagens.com.br\/wp-content\/uploads\/2021\/08\/10-700x300.jpg\" height=\"300\" width=\"700\" alt=\"\" class=\"slider-1012 slide-1018 msDefaultImage\" title=\"10\" \/><\/li>\n                <li style=\"display: none; width: 100%;\" class=\"slide-1019 ms-image \" aria-roledescription=\"slide\" data-date=\"2022-10-15 09:23:07\" data-slide-type=\"image\"><img loading=\"lazy\" decoding=\"async\" src=\"https:\/\/www.advancembalagens.com.br\/wp-content\/uploads\/2021\/08\/9-700x300.jpg\" height=\"300\" width=\"700\" alt=\"\" class=\"slider-1012 slide-1019 msDefaultImage\" title=\"9\" \/><\/li>\n                <li style=\"display: none; width: 100%;\" class=\"slide-1020 ms-image \" aria-roledescription=\"slide\" data-date=\"2022-10-15 09:23:07\" data-slide-type=\"image\"><img loading=\"lazy\" decoding=\"async\" src=\"https:\/\/www.advancembalagens.com.br\/wp-content\/uploads\/2021\/08\/8-700x300.jpg\" height=\"300\" width=\"700\" alt=\"\" class=\"slider-1012 slide-1020 msDefaultImage\" title=\"8\" \/><\/li>\n                <li style=\"display: none; width: 100%;\" class=\"slide-1021 ms-image \" aria-roledescription=\"slide\" data-date=\"2022-10-15 09:23:07\" data-slide-type=\"image\"><img loading=\"lazy\" decoding=\"async\" src=\"https:\/\/www.advancembalagens.com.br\/wp-content\/uploads\/2021\/08\/7-700x300.jpg\" height=\"300\" width=\"700\" alt=\"\" class=\"slider-1012 slide-1021 msDefaultImage\" title=\"7\" \/><\/li>\n                <li style=\"display: none; width: 100%;\" class=\"slide-1022 ms-image \" aria-roledescription=\"slide\" data-date=\"2022-10-15 09:23:08\" data-slide-type=\"image\"><img loading=\"lazy\" decoding=\"async\" src=\"https:\/\/www.advancembalagens.com.br\/wp-content\/uploads\/2021\/08\/6-700x300.jpg\" height=\"300\" width=\"700\" alt=\"\" class=\"slider-1012 slide-1022 msDefaultImage\" title=\"6\" \/><\/li>\n                <li style=\"display: none; width: 100%;\" class=\"slide-1023 ms-image \" aria-roledescription=\"slide\" data-date=\"2022-10-15 09:23:08\" data-slide-type=\"image\"><img loading=\"lazy\" decoding=\"async\" src=\"https:\/\/www.advancembalagens.com.br\/wp-content\/uploads\/2021\/08\/5-700x300.jpg\" height=\"300\" width=\"700\" alt=\"\" class=\"slider-1012 slide-1023 msDefaultImage\" title=\"5\" \/><\/li>\n                <li style=\"display: none; width: 100%;\" class=\"slide-1024 ms-image \" aria-roledescription=\"slide\" data-date=\"2022-10-15 09:23:08\" data-slide-type=\"image\"><img loading=\"lazy\" decoding=\"async\" src=\"https:\/\/www.advancembalagens.com.br\/wp-content\/uploads\/2021\/08\/4-700x300.jpg\" height=\"300\" width=\"700\" alt=\"\" class=\"slider-1012 slide-1024 msDefaultImage\" title=\"4\" \/><\/li>\n                <li style=\"display: none; width: 100%;\" class=\"slide-1025 ms-image \" aria-roledescription=\"slide\" data-date=\"2022-10-15 09:23:09\" data-slide-type=\"image\"><img loading=\"lazy\" decoding=\"async\" src=\"https:\/\/www.advancembalagens.com.br\/wp-content\/uploads\/2021\/08\/3-700x300.jpg\" height=\"300\" width=\"700\" alt=\"\" class=\"slider-1012 slide-1025 msDefaultImage\" title=\"3\" \/><\/li>\n                <li style=\"display: none; width: 100%;\" class=\"slide-1026 ms-image \" aria-roledescription=\"slide\" data-date=\"2022-10-15 09:23:09\" data-slide-type=\"image\"><img loading=\"lazy\" decoding=\"async\" src=\"https:\/\/www.advancembalagens.com.br\/wp-content\/uploads\/2021\/08\/2-700x300.jpg\" height=\"300\" width=\"700\" alt=\"\" class=\"slider-1012 slide-1026 msDefaultImage\" title=\"2\" \/><\/li>\n                <li style=\"display: none; width: 100%;\" class=\"slide-1027 ms-image \" aria-roledescription=\"slide\" data-date=\"2022-10-15 09:23:09\" data-slide-type=\"image\"><img loading=\"lazy\" decoding=\"async\" src=\"https:\/\/www.advancembalagens.com.br\/wp-content\/uploads\/2021\/08\/1-700x300.jpg\" height=\"300\" width=\"700\" alt=\"\" class=\"slider-1012 slide-1027 msDefaultImage\" title=\"1\" \/><\/li>\n            <\/ul>\n        <\/div>\n        \n    <\/div>\n<\/div>\n","protected":false},"excerpt":{"rendered":"<p>TECNOLOGIA Acreditamos que devemos estar constantemente investindo em nosso parque industrial, para melhor servir e garantir&nbsp; a seguran\u00e7a de nossos produtos. Estamos preparados para produzir<span class=\"excerpt-fade\"><\/span><\/p>\n","protected":false},"author":1,"featured_media":0,"parent":0,"menu_order":0,"comment_status":"closed","ping_status":"closed","template":"","meta":{"footnotes":""},"class_list":["post-26","page","type-page","status-publish","hentry"],"featured_media_urls":[],"_links":{"self":[{"href":"https:\/\/www.advancembalagens.com.br\/index.php\/wp-json\/wp\/v2\/pages\/26","targetHints":{"allow":["GET"]}}],"collection":[{"href":"https:\/\/www.advancembalagens.com.br\/index.php\/wp-json\/wp\/v2\/pages"}],"about":[{"href":"https:\/\/www.advancembalagens.com.br\/index.php\/wp-json\/wp\/v2\/types\/page"}],"author":[{"embeddable":true,"href":"https:\/\/www.advancembalagens.com.br\/index.php\/wp-json\/wp\/v2\/users\/1"}],"replies":[{"embeddable":true,"href":"https:\/\/www.advancembalagens.com.br\/index.php\/wp-json\/wp\/v2\/comments?post=26"}],"version-history":[{"count":32,"href":"https:\/\/www.advancembalagens.com.br\/index.php\/wp-json\/wp\/v2\/pages\/26\/revisions"}],"predecessor-version":[{"id":1032,"href":"https:\/\/www.advancembalagens.com.br\/index.php\/wp-json\/wp\/v2\/pages\/26\/revisions\/1032"}],"wp:attachment":[{"href":"https:\/\/www.advancembalagens.com.br\/index.php\/wp-json\/wp\/v2\/media?parent=26"}],"curies":[{"name":"wp","href":"https:\/\/api.w.org\/{rel}","templated":true}]}}