{"id":17,"date":"2021-07-08T08:07:07","date_gmt":"2021-07-08T11:07:07","guid":{"rendered":"http:\/\/advancembalagens.com.br\/?page_id=17"},"modified":"2022-08-24T11:02:27","modified_gmt":"2022-08-24T14:02:27","slug":"empresa","status":"publish","type":"page","link":"https:\/\/www.advancembalagens.com.br\/index.php\/empresa\/","title":{"rendered":""},"content":{"rendered":"\n<p><\/p>\n\n\n\n<p><mark style=\"background-color:rgba(0, 0, 0, 0)\" class=\"has-inline-color has-accent-1-color\"><strong>SOBRE A ADVANCE<\/strong><br><\/mark><br>A  Advance Embalagens nasceu em Santo Andr\u00e9 como uma empresa de pequeno porte desejosa de\u00a0<strong>papel\u00e3o ondulado<\/strong>\u00a0e ampliou, ao longo dos anos, um leque de acess\u00f3rios para poder oferecer as melhores solu\u00e7\u00f5es em embalagens para seus clientes.<\/p>\n\n\n\n<p>Mudou-se para Atibaia em 2003 e hoje, com uma estrutura moderna que ocupa uma \u00e1rea total de 8.863m\u00b2 sendo 5.440m\u00b2 em \u00e1rea constru\u00edda, nosso objetivo \u00e9 nos destacar entre as melhores empresas do segmento de papel\u00e3o ondulado, pela qualidade de nossos produtos e do nosso atendimento.<\/p>\n\n\n\n<p><strong><mark style=\"background-color:rgba(0, 0, 0, 0)\" class=\"has-inline-color has-accent-1-color\">Miss\u00e3o<\/mark><\/strong><\/p>\n\n\n\n<p>Oferecer excel\u00eancia e competitividade produzindo com efici\u00eancia e qualidade produtos e servi\u00e7os, objetivando gerar resultados positivos para os neg\u00f3cios de nossos clientes.<br>Trabalhar de maneira a superar sempre&nbsp; suas expectativas e sermos reconhecidos por prover sempre solu\u00e7\u00f5es inteligentes atrav\u00e9s de investimentos constantes em tecnologia, capacita\u00e7\u00e3o dos nossos colaboradores e preocupa\u00e7\u00e3o com o meio ambiente.<\/p>\n\n\n\n<p><strong><mark style=\"background-color:rgba(0, 0, 0, 0)\" class=\"has-inline-color has-accent-1-color\">Vis\u00e3o<\/mark><\/strong><\/p>\n\n\n\n<p>Responsabilidade social, ajudando a criar&nbsp; um mundo melhor, atrav\u00e9s da consci\u00eancia ambiental, respeito ao meio ambiente para garantir a preserva\u00e7\u00e3o da nossa casa, nosso planeta.<\/p>\n\n\n\n<figure class=\"wp-block-image size-full\"><img fetchpriority=\"high\" decoding=\"async\" width=\"1024\" height=\"500\" src=\"http:\/\/advancembalagens.com.br\/wp-content\/uploads\/2022\/03\/fabrica-advance.jpg\" alt=\"\" class=\"wp-image-293\" srcset=\"https:\/\/www.advancembalagens.com.br\/wp-content\/uploads\/2022\/03\/fabrica-advance.jpg 1024w, https:\/\/www.advancembalagens.com.br\/wp-content\/uploads\/2022\/03\/fabrica-advance-300x146.jpg 300w, https:\/\/www.advancembalagens.com.br\/wp-content\/uploads\/2022\/03\/fabrica-advance-768x375.jpg 768w, https:\/\/www.advancembalagens.com.br\/wp-content\/uploads\/2022\/03\/fabrica-advance-150x73.jpg 150w\" sizes=\"(max-width: 1024px) 100vw, 1024px\" \/><\/figure>\n\n\n\n<p><\/p>\n","protected":false},"excerpt":{"rendered":"<p>SOBRE A ADVANCEA Advance Embalagens nasceu em Santo Andr\u00e9 como uma empresa de pequeno porte desejosa de\u00a0papel\u00e3o ondulado\u00a0e ampliou, ao longo dos anos, um leque<span class=\"excerpt-fade\"><\/span><\/p>\n","protected":false},"author":1,"featured_media":0,"parent":0,"menu_order":0,"comment_status":"closed","ping_status":"closed","template":"","meta":{"footnotes":""},"class_list":["post-17","page","type-page","status-publish","hentry"],"featured_media_urls":[],"_links":{"self":[{"href":"https:\/\/www.advancembalagens.com.br\/index.php\/wp-json\/wp\/v2\/pages\/17","targetHints":{"allow":["GET"]}}],"collection":[{"href":"https:\/\/www.advancembalagens.com.br\/index.php\/wp-json\/wp\/v2\/pages"}],"about":[{"href":"https:\/\/www.advancembalagens.com.br\/index.php\/wp-json\/wp\/v2\/types\/page"}],"author":[{"embeddable":true,"href":"https:\/\/www.advancembalagens.com.br\/index.php\/wp-json\/wp\/v2\/users\/1"}],"replies":[{"embeddable":true,"href":"https:\/\/www.advancembalagens.com.br\/index.php\/wp-json\/wp\/v2\/comments?post=17"}],"version-history":[{"count":19,"href":"https:\/\/www.advancembalagens.com.br\/index.php\/wp-json\/wp\/v2\/pages\/17\/revisions"}],"predecessor-version":[{"id":963,"href":"https:\/\/www.advancembalagens.com.br\/index.php\/wp-json\/wp\/v2\/pages\/17\/revisions\/963"}],"wp:attachment":[{"href":"https:\/\/www.advancembalagens.com.br\/index.php\/wp-json\/wp\/v2\/media?parent=17"}],"curies":[{"name":"wp","href":"https:\/\/api.w.org\/{rel}","templated":true}]}}